 Calculate the remainder when 35 is divided by h(f).
11
Suppose -1603 = 12*p - 451. What is the remainder when -1 - p/9*(-18)/(-8) is divided by 6?
5
Let a(c) = -c**3 - 6*c**2 - 6*c - 33. Let y be a(-6). Suppose -4*f = 2*k - 78, y*f = -5*k + 7*k - 71. Calculate the remainder when 257 is divided by k.
35
Let g(p) = 13 + 154 - 221*p**2 - 14*p - 222*p**2 + 444*p**2 - 27. What is the remainder when g(0) is divided by 29?
24
Let u = 1178 + -531. Calculate the remainder when u is divided by 36.
35
Let w(r) = 2*r**3 + 18*r**2 + 39*r + 6. Calculate the remainder when 615 is divided by w(-4).
5
Let x(u) = 4*u + 24. Let f be x(-5). Suppose -17 = -j - f*w + 35, -304 = -5*j + 2*w. What is the remainder when 295 is divided by j?
55
Let d(j) = -j**2 + 100*j - 1335. Calculate the remainder when d(31) is divided by 161.
160
Let d be (-1)/(-9) + (0 - (-95)/(-45)). What is the remainder when 93 is divided by ((-95)/15 - -5)/(d/21)?
9
Let a(r) = -r**2 - 2*r - 3. Let w(d) = -d**2 - 3*d - 3. Let l(j) = -6*a(j) + 5*w(j). Let f = -1 - -7. What is the remainder when l(f) is divided by 16?
5
Let w(y) = 1 + 1 - y**3 - 5*y**2 - 3*y + 2*y**3 + 9*y. Calculate the remainder when w(3) is divided by 2.
0
Suppose 3*s = -b + 24, 0 = -306*b + 310*b + 2*s - 146. What is the remainder when b is divided by 39?
0
Let r = 19606 - 14415. What is the remainder when r is divided by 324?
7
Let g be (-6)/(-4 + (-57)/(-12)). Let j be (65 - 13)*22/g. Let k = -56 - j. What is the remainder when k is divided by 44?
43
Let i be (-275)/110 + (-2146)/(-4). Let v = i - 430. Calculate the remainder when v is divided by 46.
12
Suppose -5*t - f = -4834, -4*f = -4*t + 158 + 3738. What is the remainder when t is divided by 199?
172
Let v(i) = i**3 - 122*i**2 + 1787*i - 188. Suppose 3*f = -2*f + 95. Calculate the remainder when v(105) is divided by f.
3
Suppose -986 = -2*r - 29*r + 1277. What is the remainder when 581 is divided by r?
70
Suppose -4*u + 17 = -c, -c = 3*u - 14 - 4. Let w = 611 - 397. Calculate the remainder when w/14 - (-8)/(-28) is divided by u.
0
Let m(d) = d**2 + d - 483. Calculate the remainder when m(23) is divided by 42.
27
Suppose -9*p - 407 = 4*l - 4*p, -5*p - 201 = 2*l. Let q = l - -57. Let j = q + 79. What is the remainder when 97 is divided by j?
31
Let v(d) = -3*d**3 - 6*d**2 - 39*d - 48. Calculate the remainder when 1328 is divided by v(-3).
80
Let q be 0 - -6 - (396 - (-2 + 3)). Let k = q - -419. What is the remainder when 140 is divided by k?
20
Let v(s) = s**2 + 5*s + 6. Suppose 9*p = -4*p + 195. Let h(l) = -l**2 + 14*l + 22. What is the remainder when v(-7) is divided by h(p)?
6
Let v = -12 - -117. Let g = -74 + v. Suppose 5*c = h + 4, -3*h - 3*c = -h - g. What is the remainder when 98 is divided by h?
10
Let u = -2352 + 4851. Calculate the remainder when u is divided by 20.
19
Suppose 8*w + 36 = 26*w. Suppose -186 = -4*u + w*n, -4*n - 85 = -5*u + 149. What is the remainder when u is divided by 30?
16
Let o(s) be the first derivative of -s**3/3 + 15*s**2/2 - 52*s - 30. Let f be o(15). Let n = f - -96. What is the remainder when n is divided by 15?
14
Suppose -3*b + 11407 = 4*y - 3458, -2*y - 4955 = -b. Calculate the remainder when b is divided by 29.
25
Let b = 34 - -43. Let v = b - 87. Let w = 63 + v. What is the remainder when w is divided by 15?
8
Let m(y) = -60*y + 421. Let l(t) = -19*t + 140. Let d(z) = -7*l(z) + 2*m(z). Calculate the remainder when 50 is divided by d(12).
14
Suppose 17466*l = 17268*l + 5940. Suppose 95 - 540 = -5*o. What is the remainder when o is divided by l?
29
What is the remainder when (2410/8)/(-14 - 1730/(-120)) is divided by 80?
3
Suppose 127*y = -271*y + 241984. What is the remainder when y is divided by 39?
23
Suppose 4*g = -i - 721, -2*g + 5*g = 2*i + 1409. Let f = i - -1558. Calculate the remainder when f is divided by 23.
21
Suppose -10*b + 213 = -5*b - 2*q, -3*q - 176 = -4*b. What is the remainder when 449 is divided by b?
39
Let o(g) be the first derivative of 3*g**2 - 92*g + 77. Let t = -5 + 14. Calculate the remainder when t is divided by o(16).
1
Suppose -702*z - 1331*z + 27509 + 2031 = 2187*z. Let h(a) = 3*a - 3. Calculate the remainder when z is divided by h(2).
1
Calculate the remainder when 8655 is divided by (0 - (-148)/7)/((-398)/(-1393)).
71
Let k(y) = y**3 + 3*y**2 - 184*y - 19. Let g = -4 - -6. Suppose -g*l = 2*l - 56. What is the remainder when k(-15) is divided by l?
13
Suppose 577 = 4*l + 3*c, -2*l + 3*c - 81 = -392. Let w = 59 + -29. What is the remainder when l is divided by w?
28
Suppose 4*a = q - 86, -108*q + 112*q - 2*a = 344. Calculate the remainder when q is divided by 44*-2*2/(-8).
20
Let j = 396 - 310. Suppose j = 15*r - 349. Suppose -322 = -3*o + 5*b, -5*o - 2*b + 574 = -b. Calculate the remainder when o is divided by r.
27
Let y = -14 - -16. Suppose -y*j = 10, 169 = 3*r + r - j. Suppose -5*u = 3*f - 412, -4*u = 19*f - 16*f - 332. Calculate the remainder when u is divided by r.
39
Suppose -6*h - 328 + 994 = 0. Suppose -4*d = 3*p - h - 122, -2*d + 294 = 4*p. Let z(t) = -t**2 + 15. Calculate the remainder when p is divided by z(0).
11
Suppose 28948 = 323*v + 23702 - 35129. Suppose 2*u + 3*r = -2*r + 46, 2*u = 4*r + 28. What is the remainder when v is divided by u?
17
Let q = -4606 - -4648. Calculate the remainder when 154 is divided by q.
28
Let h(t) = t + 8. Let m be h(-11). Let o(w) = 3*w**3 - 6*w - 22*w**3 + 12*w**3 + 8*w**3 + 4 + 2*w**2. Calculate the remainder when o(m) is divided by 8.
5
Let l be (49 - 31)/((-1)/6). Let d(i) = -25*i - 5. Let u be d(5). Let x = l - u. Calculate the remainder when 109 is divided by x.
21
Suppose v + 13*c = 14*c + 5, v + 3*c = 25. Let b = 18 + -11. Let s(q) = 5*q + 3. Calculate the remainder when s(b) is divided by v.
8
Let f = 267 + -375. What is the remainder when 24 is divided by (f/90)/(4/(-30))?
6
Suppose -12*f - 25 = -7*f. Let v be (19/(-19))/(1/f). Suppose 0 = v*x - 5*z - 35 - 40, 2*x + z = 39. Calculate the remainder when 88 is divided by x.
16
Let i(n) = -15*n + 13. Let o be i(8). Let g = o - 8. What is the remainder when 9 is divided by (-58)/(-10) - 23/g?
3
Let i(m) = -9*m**3 - 3*m**2 - 2*m - 3. Let o = 76 - 73. Let w(a) = 3*a + 23. What is the remainder when i(-2) is divided by w(o)?
29
Let x(q) = q**3 - 17*q**2 - 36*q - 37. Let i(j) = -5*j + 229. Let b be i(42). Calculate the remainder when 32 is divided by x(b).
0
Suppose 0 = -3*m + 34 - 25. Suppose -m*s + 2 = -3*u - 10, s + 16 = 5*u. Calculate the remainder when 50 is divided by s.
5
Suppose -4*r = -16, 4*r - 16 = 3*y + 12. Let b be 33/4*y/(-1). What is the remainder when 48 is divided by 555/33 + ((-27)/b - -1)?
14
Suppose -31*z = 3678 - 31020. Calculate the remainder when z is divided by 15.
12
Let r = 61 - 11. Suppose 0 = -118*w + 121*w - 6. Calculate the remainder when ((-129)/(-43))/(w/98) is divided by r.
47
Suppose -6*j - 36 = -2*j. Let a be 0/((-3)/j*-3). Suppose a = l - 2*l + 41. What is the remainder when l is divided by 15?
11
Let w = 611223 - 611191. Let o = 12 - 8. Let i(g) = -g**2 + 7*g - 1. What is the remainder when w is divided by i(o)?
10
Let r be 3*((-51)/(-9) - -2). Suppose 0 = 26*z - r*z - 498. What is the remainder when z is divided by 35?
26
Let x = 4470 + -3655. Calculate the remainder when x is divided by 113.
24
Suppose -14634 = -200*k + 173*k. Calculate the remainder when k is divided by 54.
2
Suppose -171*a + 14692 + 18311 = 0. Calculate the remainder when 1359 is divided by a.
8
Suppose 5074 + 1240 = 14*m. Let b = m + -423. What is the remainder when 82 is divided by b?
26
Let k(i) = i**3 - 57*i**2 - 84*i - 1966. Calculate the remainder when 237 is divided by k(59).
37
Suppose 5 = -d, 128*x = 124*x - 3*d + 517. Calculate the remainder when x is divided by 29.
17
Let x(k) = k**2 - 10*k + 10. Let y be x(8). What is the remainder when (-2 - (-3 - -2)) + 50 + -2 is divided by (y/((-9)/(-3)))/((-4)/48)?
23
What is the remainder when 607 is divided by (-889)/(-127) - (914/(-6) - 18/27)?
127
Suppose 572*a + 2464 = 586*a. Suppose 4*g + 4*n - 179 - 93 = 0, -3*g + 4*n = -a. What is the remainder when 127 is divided by g?
63
Let q(c) = -c**3 - 2*c**2 - 3*c - 1. Let n be q(-2). Suppose 3 = -i + n. Let a = i + 3. What is the remainder when 9 is divided by a?
4
Calculate the remainder when